{"id":6,"date":"2022-06-25T11:08:52","date_gmt":"2022-06-25T11:08:52","guid":{"rendered":"https:\/\/ekotrendy.org\/?page_id=6"},"modified":"2022-06-25T11:08:53","modified_gmt":"2022-06-25T11:08:53","slug":"ulubione-typy-meczow-profesjonalnych-graczy","status":"publish","type":"page","link":"https:\/\/ekotrendy.org\/","title":{"rendered":"Ulubione typy mecz\u00f3w profesjonalnych graczy"},"content":{"rendered":"\n<figure class=\"wp-block-image size-large\"><img loading=\"lazy\" width=\"1024\" height=\"576\" src=\"https:\/\/ekotrendy.org\/wp-content\/uploads\/2022\/06\/420e7555-72a1-4843-8326-26e602b3700e-1024x576.jpg\" alt=\"\" class=\"wp-image-7\" srcset=\"https:\/\/ekotrendy.org\/wp-content\/uploads\/2022\/06\/420e7555-72a1-4843-8326-26e602b3700e-1024x576.jpg 1024w, https:\/\/ekotrendy.org\/wp-content\/uploads\/2022\/06\/420e7555-72a1-4843-8326-26e602b3700e-300x169.jpg 300w, https:\/\/ekotrendy.org\/wp-content\/uploads\/2022\/06\/420e7555-72a1-4843-8326-26e602b3700e-768x432.jpg 768w, https:\/\/ekotrendy.org\/wp-content\/uploads\/2022\/06\/420e7555-72a1-4843-8326-26e602b3700e-1536x864.jpg 1536w, https:\/\/ekotrendy.org\/wp-content\/uploads\/2022\/06\/420e7555-72a1-4843-8326-26e602b3700e-2048x1152.jpg 2048w, https:\/\/ekotrendy.org\/wp-content\/uploads\/2022\/06\/420e7555-72a1-4843-8326-26e602b3700e-1568x882.jpg 1568w\" sizes=\"(max-width: 1024px) 100vw, 1024px\" \/><\/figure>\n\n\n\n<h2>ZWYCI\u0118STWO SILNIEJSZEJ DRU\u017bYNY WIELKIM WYNIKIEM<\/h2>\n\n\n\n<p><br>Odwieczny klasyk, faworyci id\u0105 do pierwszej gry tylko po to, by zniszczy\u0107 swoich przeciwnik\u00f3w, poniewa\u017c w europejskich rozgrywkach czy mistrzostwach krajowych jest tak wiele do zrobienia. We\u017amy na przyk\u0142ad klub, kt\u00f3ry wygra\u0142 pierwszy mecz 6-0. Za\u0142\u00f3\u017cmy, \u017ce ukochali go u siebie. Dru\u017cyna jest silna, mo\u017cliwo\u015bci jest wystarczaj\u0105co du\u017co, wi\u0119c do drugiego meczu lider idzie w dobrym humorze i w og\u00f3le nie ma ochoty wystawia\u0107 na boisku swoich najlepszych zawodnik\u00f3w. Bukmacherzy s\u0105 pewni, \u017ce faworyt nie przegra, dlatego kursy na niego s\u0105 do\u015b\u0107 niskie, co jest dobre dla obstawiaj\u0105cych, kt\u00f3rzy mog\u0105 gra\u0107 z plusem. Powod\u00f3w jest kilka:<br>\u2022 Faworyt musi straci\u0107 7 bramek przeciwnikowi, co jest nie do przyj\u0119cia nawet z m\u0142odzie\u017cow\u0105 kadr\u0105 na boisku iw historii takie przypadki si\u0119ga\u0142y 5-8;<br>\u2022 Lider nie da z siebie wszystkiego, a trener da rezerwom szans\u0119 wykazania si\u0119;<br>\u2022 Przegrany pierwszego meczu b\u0119dzie gra\u0142 u siebie, bez szans na wydostanie si\u0119, ale z szans\u0105 na udowodnienie sobie kibic\u00f3w poprzez zatrza\u015bni\u0119cie na ko\u0144cu drzwi.<\/p>\n\n\n\n<p><br>Alternatywnie lider m\u00f3g\u0142by wygra\u0107, ale minimalnie. Przy takich lukach w wyniku bukmacherzy zazwyczaj daj\u0105 dobre kursy na plus. Mo\u017cesz tak\u017ce wypr\u00f3bowa\u0107 \u201eDru\u017cyna nie przegra + TB\/TM1.5\u201d lub \u201eWygraj+Remis\u201d: 1X, 2X. Na podstawie statystyk z poprzednich gier mo\u017cna decydowa\u0107 o sumach.<\/p>\n\n\n\n<p><br>Z regu\u0142y opcja obstawiania mecz\u00f3w rewan\u017cowych jest odpowiednia, gdy wynik pierwszej konfrontacji wynosi 4-0 lub wi\u0119cej. 3-0 to klasyczna trasa, kt\u00f3ra dodaje pewno\u015bci siebie, ale nie jest uwa\u017cana za bezpo\u015brednie przej\u015bcie do kolejnego etapu. Taka wygrana nie daje bezwarunkowej przewagi, ale jest uwa\u017cana za dobry wynik, pozwalaj\u0105cy faworytowi na odrobin\u0119 relaksu. Je\u015bli r\u00f3\u017cnica klas pomi\u0119dzy zespo\u0142ami jest znaczna, w rewan\u017cu mo\u017ce wynosi\u0107 3-0 lub nawet wi\u0119cej.<\/p>\n\n\n\n<p><br>Wa\u017cne jest, aby zrozumie\u0107, \u017ce czynnik stadionowy r\u00f3wnie\u017c odgrywa rol\u0119. Je\u015bli wygrasz 5-0 na wyje\u017adzie, nie chcesz przegrywa\u0107 u siebie, bo denerwujesz fan\u00f3w, a to zmniejsza Twoje zyski, popularno\u015b\u0107 i inne negatywne elementy. Musi by\u0107 przynajmniej remis, ale nie wszyscy fani te\u017c to wybacz\u0105. W takim przypadku lepiej nie bra\u0107 handicapu plus na s\u0142abszego psa, ale rozwa\u017cy\u0107 opcj\u0119 TM. Faworyt musi oszcz\u0119dza\u0107 si\u0142y, dlatego taktyka najprawdopodobniej b\u0119dzie defensywna z kontratakami.<\/p>\n\n\n\n<h2>OPOZYCJA OBRONNA<\/h2>\n\n\n\n<figure class=\"wp-block-image size-large\"><img loading=\"lazy\" width=\"1024\" height=\"375\" src=\"https:\/\/ekotrendy.org\/wp-content\/uploads\/2022\/06\/football-1024x375.jpg\" alt=\"\" class=\"wp-image-8\" srcset=\"https:\/\/ekotrendy.org\/wp-content\/uploads\/2022\/06\/football-1024x375.jpg 1024w, https:\/\/ekotrendy.org\/wp-content\/uploads\/2022\/06\/football-300x110.jpg 300w, https:\/\/ekotrendy.org\/wp-content\/uploads\/2022\/06\/football-768x282.jpg 768w, https:\/\/ekotrendy.org\/wp-content\/uploads\/2022\/06\/football.jpg 1500w\" sizes=\"(max-width: 1024px) 100vw, 1024px\" \/><\/figure>\n\n\n\n<p>Najbardziej nielubianym momentem dla ka\u017cdego fana pi\u0142ki no\u017cnej jest sytuacja, gdy dwie dru\u017cyny wol\u0105 gra\u0107 w obronie. Dla gracza to proste: postaw zak\u0142ad na TM lub podobny i ciesz si\u0119 wygranymi. W przypadku gier rewan\u017cowych mo\u017ce by\u0107 odwrotnie. Na przyk\u0142ad w pierwszym meczu wynik wynosi\u0142 0-0. W drugim meczu mo\u017ce doj\u015b\u0107 do bramki lub dogrywki &#8211; nie ma innej opcji. Pozostaje wi\u0119c tylko przeanalizowa\u0107 statystyki, przeczyta\u0107 wiadomo\u015bci i dowiedzie\u0107 si\u0119, jakie sk\u0142ady pojawi\u0105 si\u0119 na boisku.<\/p>\n\n\n\n<p><br>Jak sucha gra pomi\u0119dzy dru\u017cynami stosuj\u0105cymi taktyk\u0119 defensywn\u0105 mo\u017ce okaza\u0107 si\u0119 niebezpieczna? Po 0:0 jeden z klub\u00f3w m\u00f3g\u0142 strzeli\u0107 i wygra\u0107 du\u017cym wynikiem. Albo obie dru\u017cyny mog\u0105 du\u017co strzeli\u0107. Z drugiej strony, obstawianie remisu w grze klub\u00f3w preferuj\u0105cych gr\u0119 defensywn\u0105 jest niemal konieczno\u015bci\u0105 i dobr\u0105 robot\u0105. Je\u015bli chodzi o sumy, handicapy itp., musisz sprawdzi\u0107 kursy lub dok\u0142adnie przeanalizowa\u0107 poprzednie mecze.<\/p>\n\n\n\n<h2><br>ULUBIONE VS ULUBIONE<\/h2>\n\n\n\n<p><br>Ognista mieszanka, kt\u00f3ra daje bardzo r\u00f3\u017cne rezultaty. Wielu b\u0119dzie pami\u0119ta\u0107 kambik Barcelony przeciwko PSG i s\u0142ab\u0105 kontynuacj\u0119 meczu z Juventusem. W tym przypadku potwierdza si\u0119 teoria pierwszej sytuacji. Kiedy klub wygrywa 4-0 lub wi\u0119cej, mo\u017cesz postawi\u0107 na przegranego pierwszego meczu z handicapem i uzyska\u0107 100% przewagi w meczu rewan\u017cowym. W Barcelonie z handicapem (+1,5) kursy wynosi\u0142y oko\u0142o 1,6-1,8, a (+1) na 2 i wi\u0119cej. Jak wida\u0107, dru\u017cyna przekroczy\u0142a handicap a\u017c nadto.<\/p>\n\n\n\n<p><br>W sezonie Ligi Mistrz\u00f3w 2020\/2021 sytuacja w meczu \u201eBarcelona\u201d \u2013 PSG posz\u0142a w podobnym stylu \u2013 pierwszy mecz zako\u0144czy\u0142 si\u0119 wynikiem 1-4, ale w meczu rewan\u017cowym nie by\u0142o sensacji i dru\u017cyny zremisowa\u0142y 1- 1. Znowu w tym przypadku handicap plus lub zero w dowolnej dru\u017cynie, a konkretnie w &#8220;Barcelonie&#8221;.<\/p>\n\n\n\n<p><br>Jak wida\u0107, na mecze rewan\u017cowe na pewno s\u0105 szanse na obstawianie. Warto jednak trzyma\u0107 si\u0119 zwyk\u0142ego kursu: strategia + skrupulatna analiza + czytanie aktualno\u015bci i wszelkich przydatnych informacji. Aby ustawi\u0107 jako regu\u0142\u0119 lub jako wz\u00f3r na wygran\u0105, nast\u0119puj\u0105ca zasada: \u201eplus handicap, je\u015bli pierwszy mecz zako\u0144czy\u0142 si\u0119 wynikiem 4-0 lub wi\u0119cej\u201d nie jest tego warta. Pi\u0142ka no\u017cna jest uwa\u017cana za tak wszechstronn\u0105, \u017ce zwyk\u0142a magia statystyk i jej wp\u0142yw na mecze nie jest udowodniony. C\u00f3\u017c, mo\u017ce by\u0107 tyle zbieg\u00f3w okoliczno\u015bci, ile chcesz.<\/p>\n","protected":false},"excerpt":{"rendered":"<p>ZWYCI\u0118STWO SILNIEJSZEJ DRU\u017bYNY WIELKIM WYNIKIEM Odwieczny klasyk, faworyci id\u0105 do pierwszej gry tylko po to, by zniszczy\u0107 swoich przeciwnik\u00f3w, poniewa\u017c w europejskich rozgrywkach czy mistrzostwach krajowych jest tak wiele do&hellip;<a href=\"https:\/\/ekotrendy.org\/\" class=\"more-link\"><span class=\"more-button\">Continue reading<span class=\"screen-reader-text\">Ulubione typy mecz\u00f3w profesjonalnych graczy<\/span><\/span><\/a><\/p>\n","protected":false},"author":1,"featured_media":0,"parent":0,"menu_order":0,"comment_status":"closed","ping_status":"closed","template":"","meta":[],"_links":{"self":[{"href":"https:\/\/ekotrendy.org\/index.php?rest_route=\/wp\/v2\/pages\/6"}],"collection":[{"href":"https:\/\/ekotrendy.org\/index.php?rest_route=\/wp\/v2\/pages"}],"about":[{"href":"https:\/\/ekotrendy.org\/index.php?rest_route=\/wp\/v2\/types\/page"}],"author":[{"embeddable":true,"href":"https:\/\/ekotrendy.org\/index.php?rest_route=\/wp\/v2\/users\/1"}],"replies":[{"embeddable":true,"href":"https:\/\/ekotrendy.org\/index.php?rest_route=%2Fwp%2Fv2%2Fcomments&post=6"}],"version-history":[{"count":1,"href":"https:\/\/ekotrendy.org\/index.php?rest_route=\/wp\/v2\/pages\/6\/revisions"}],"predecessor-version":[{"id":9,"href":"https:\/\/ekotrendy.org\/index.php?rest_route=\/wp\/v2\/pages\/6\/revisions\/9"}],"wp:attachment":[{"href":"https:\/\/ekotrendy.org\/index.php?rest_route=%2Fwp%2Fv2%2Fmedia&parent=6"}],"curies":[{"name":"wp","href":"https:\/\/api.w.org\/{rel}","templated":true}]}}